{"id":303,"date":"2013-07-09T16:15:52","date_gmt":"2013-07-09T13:15:52","guid":{"rendered":"http:\/\/eetasoft.ee\/eeva\/?page_id=303"},"modified":"2013-08-10T15:14:01","modified_gmt":"2013-08-10T12:14:01","slug":"palkjatooaeg","status":"publish","type":"page","link":"https:\/\/eetasoft.ee\/eeva\/moodulid\/palkjatooaeg\/","title":{"rendered":"Palk, t\u00f6\u00f6aeg"},"content":{"rendered":"<p>Eeva palgaarvestus lubab arvestada t\u00f6\u00f6tajatele tasusid.<\/p>\n<p>Palgaarvestuse v\u00f5imalused:<\/p>\n<ul>\n<li>Vastavuses Eesti Vabariigi seadustega ja arvestab Eesti vabariigi maksukorraldusega.<\/li>\n<li>\u00a0Palka saab \u00fche s\u00fcsteemi raames arvestada erinevatele all\u00fcksustele<\/li>\n<li>\u00a0Igal kasutajal saab olla oma kasutajanimi (ja salas\u00f5na).<\/li>\n<li>\u00a0Kasutaja juurdep\u00e4\u00e4su saab piirata teatud tegevustele ja andmetele.<\/li>\n<li>\u00a0Juurdep\u00e4\u00e4su on v\u00f5imalik piirata osakonna (objekti) kaupa.<\/li>\n<li>\u00a0Palgaarvestuseks ja aruandluseks vajalikud p\u00fcsiandmed.<\/li>\n<li>\u00a0T\u00f6\u00f6tajate isiku-, palga- ja t\u00f6\u00f6kohaandmed.<\/li>\n<li>\u00a0Kinnipidamiste ja maksude arvestamiseks vajalikud andmeid.<\/li>\n<li>\u00a0Kirjeldada saab erinevaid tasuliike, kinnipidamisi ja makse.<\/li>\n<li>\u00a0Tasusid ja lisatasusid saab arvestada v\u00f5ttes arvesse t\u00f6\u00f6tatud \u00f6\u00f6- ja \u00fcletunde ning puhkep\u00e4evadel ja riiklikel p\u00fchadel t\u00f6\u00f6tamist.<\/li>\n<li>\u00a0Palgalehti saab arvestada kas kogu asutusele korraga v\u00f5i \u00fchele t\u00f6\u00f6tajale.<\/li>\n<li>\u00a0Saab sisestada \u00fchekordseid lisatasusid ja kinnipidamisi.<\/li>\n<li>\u00a0Lisatasule ja kinnipidamisele saab m\u00e4\u00e4rata kehtivuse algus- ja l\u00f5pukuup\u00e4ev.<\/li>\n<li>\u00a0Avanssi saab arvutada \u00fcks v\u00f5i rohkem kordi kuus.<\/li>\n<li>\u00a0V\u00f5imalik on arvutada keskmist p\u00e4evatasu puhkuserahade arvutamiseks.<\/li>\n<li>\u00a0Programm arvestab puhkuse perioodi j\u00e4\u00e4vad kalendrip\u00e4evad ja t\u00f6\u00f6p\u00e4evad automaatselt.<\/li>\n<li>\u00a0Kui puhkuse periood h\u00f5lmab mitut kuud, arvutab \u201cEeva\u201d k\u00f5igi kuude puhkuse perioodi kalendrip\u00e4evad ja t\u00f6\u00f6p\u00e4evad eraldi.<\/li>\n<li>\u00a0Haiguslehtede perioodide sisestamine.<\/li>\n<li>\u00a0V\u00f5imalik on registreerida mitte t\u00f6\u00f6tatud p\u00e4evi (mis ei ole haigusp\u00e4evad ega puhkuse p\u00e4evad).<\/li>\n<li>\u00a0Programm leiab automaatselt kuus t\u00f6\u00f6tatud p\u00e4evad arvestades kalendrij\u00e4rgsetest t\u00f6\u00f6p\u00e4evadest maha puhkusel oldud p\u00e4evad, haigusp\u00e4evad ja muud mitte t\u00f6\u00f6l oldud p\u00e4evad.<\/li>\n<li>\u00a0Kui eelmise kuu haigusp\u00e4evade eest on palk juba v\u00e4lja makstud, teeb programm p\u00e4rast haiguslehe sisestamist automaatselt tegema j\u00e4rgmise palga arvutamisel tagasiarvestuse.<\/li>\n<li>\u00a0V\u00f5imalik on arvestada puhkuse kompensatsiooni<\/li>\n<li>V\u00f5imalik on arvestada koondamish\u00fcvitist<\/li>\n<li>\u00a0\u201cEeva\u201d arvutab ja \u00fcmber arvutab keskmisi (n\u00e4iteks puhkusetasude arvutamisel). Seejuures saab erinevate keskmiste korral m\u00e4\u00e4rata, millised tasuliigid selle keskmise sisse kuuluvad (n\u00e4iteks millised lisatasud kuuluvad puhkuse p\u00e4evaraha arvutamise keskmise sisse ja millised mitte).<\/li>\n<li>\u00a0Aasta-kohaste riiklike p\u00fchade registri pidamine<\/li>\n<li>\u00a0V\u00f5imalik on sisestada ja mugavalt hallata lisatasusid.<\/li>\n<li>\u00a0Kuu jooksul on v\u00f5imalik teha mistahes hulk vahepealsed v\u00e4ljamaksed.<\/li>\n<li>\u00a0Palgalehele on t\u00f6\u00f6tajaid v\u00f5imalik valida vabalt, st. on v\u00f5imalik teha palgaleht, kuhu kuuluvad m\u00e4\u00e4ratud t\u00f6\u00f6tajad.<\/li>\n<li>On v\u00f5imalik moodustada pangafailid v\u00e4ljamaksmisele kuuluvate summade kohta nende maksete \u00fclekandmiseks t\u00f6\u00f6tajate pangakontodele.<\/li>\n<li>Saab eristada, kas konkreetne tasusumma on genereeritud palgas\u00fcsteemi poolt automaatselt v\u00f5i on see lisatud k\u00e4sitsi.<\/li>\n<li>Saab moodustada lausendeid palga maksmise toimingute konteerimiseks.<\/li>\n<li>V\u00f5imalik on palga arvestamise protsessi kordamine.<\/li>\n<li>Olemas on riiklikult n\u00f5utavad aruanded (maksuamet, statistika jms.).<\/li>\n<li>V\u00f5imalik on moodustada ametikohtade ja palgaaruandeid, t\u00f6\u00f6tajate isiklikke kontokaarte, jms.<\/li>\n<li>V\u00f5imalik on teha elektroonilised palgalipikud t\u00f6\u00f6tajatele edastamiseks E-posti kaudu. Programm moodustab vajalikud E-kirjad ja saadab need automaatselt.<\/li>\n<li>Palgas\u00fcsteemil on olemas sisse ehitatud aruandegeneraator .<\/li>\n<li>V\u00f5imalik on t\u00f6\u00f6tajale etteantud ajavahemiku kohta palga t\u00f5endi tr\u00fckkimise v\u00f5imalus.<\/li>\n<\/ul>\n<p>Palgaarvestuse v\u00e4ljunddokumentide n\u00e4ited:<\/p>\n<p><strong>Elektroonilised aruanded: <\/strong><\/p>\n<p><strong>Riiklikult n\u00f5utavad aruanded: <\/strong><\/p>\n<p><strong>Ametikohtade ja palgaaruanded<\/strong><\/p>\n<p><strong>T\u00f6\u00f6tajate kontokaardid<\/strong><\/p>\n<p>P\u00fcsisummade tabelisse sisestate isikute palgad ja kinnipidamised. Selle alusel lisab programm vastavatesse v\u00e4ljamaksetesse need tasud juurde.<\/p>\n<p>Puhkus- ja haigustasude arvutamisel sisestate puudumise perioodi ning vajadusel ka protsendi ja mittetasustatavate p\u00e4evade arvu. Nende alusel leiab programm kuus makstava tasu, samuti arvestab neid ajapalga arvutamisel.<\/p>\n<p>Palgakaardi tr\u00fckk vabastab k\u00e4sitsi isikute palgaarvestuse kaartide pidamisest.<\/p>\n<p><strong>Mugavused<\/strong><\/p>\n<p>Palgas\u00fcsteem sisaldab mitmeid mugavusi, mis teevad t\u00f6\u00f6 oluliselt kiiremaks:<\/p>\n<ul>\n<li>Palkade jm. perioodiliste summade automaatne arvestamine: palgad v\u00f5ivad muutuda kuu keskel.<\/li>\n<li>Automaatsed kuu \u00fcmberarvestuse v\u00f5imalused: palgad v\u00f5ivad muutuda tagantj\u00e4rele.<\/li>\n<li>Puhkuste, haiguste jm. summade automaatne arvutamine kuup\u00e4evade j\u00e4rgi.<\/li>\n<li>Palgasummade m\u00e4\u00e4ramine valemite abil. Puhkustasu jm. summasid v\u00f5ib arvutada t\u00e4pselt nii, nagu vaja.<\/li>\n<li>T\u00f6\u00f6p\u00e4evade ja t\u00f6\u00f6tundide j\u00e4lgimine. Norm ja \u00fcletundide arvestus.<\/li>\n<\/ul>\n<p>Summade kirjelduse tabelis paiknevad sajakonna erineva palgasumma kirjeldused. Neid saab vajadusel lisada juurde v\u00f5i muuta.<\/p>\n","protected":false},"excerpt":{"rendered":"<p>Eeva palgaarvestus lubab arvestada t\u00f6\u00f6tajatele tasusid. Palgaarvestuse v\u00f5imalused: Vastavuses Eesti Vabariigi seadustega ja arvestab Eesti vabariigi maksukorraldusega. \u00a0Palka saab \u00fche s\u00fcsteemi raames arvestada erinevatele all\u00fcksustele \u00a0Igal kasutajal saab olla oma kasutajanimi (ja salas\u00f5na). \u00a0Kasutaja juurdep\u00e4\u00e4su saab piirata teatud tegevustele ja andmetele. \u00a0Juurdep\u00e4\u00e4su on v\u00f5imalik piirata osakonna (objekti) kaupa. \u00a0Palgaarvestuseks ja &#8230;<\/p>\n","protected":false},"author":1,"featured_media":0,"parent":248,"menu_order":0,"comment_status":"closed","ping_status":"open","template":"","meta":{"footnotes":""},"class_list":["post-303","page","type-page","status-publish","hentry","column","threecol"],"_links":{"self":[{"href":"https:\/\/eetasoft.ee\/eeva\/wp-json\/wp\/v2\/pages\/303","targetHints":{"allow":["GET"]}}],"collection":[{"href":"https:\/\/eetasoft.ee\/eeva\/wp-json\/wp\/v2\/pages"}],"about":[{"href":"https:\/\/eetasoft.ee\/eeva\/wp-json\/wp\/v2\/types\/page"}],"author":[{"embeddable":true,"href":"https:\/\/eetasoft.ee\/eeva\/wp-json\/wp\/v2\/users\/1"}],"replies":[{"embeddable":true,"href":"https:\/\/eetasoft.ee\/eeva\/wp-json\/wp\/v2\/comments?post=303"}],"version-history":[{"count":8,"href":"https:\/\/eetasoft.ee\/eeva\/wp-json\/wp\/v2\/pages\/303\/revisions"}],"predecessor-version":[{"id":512,"href":"https:\/\/eetasoft.ee\/eeva\/wp-json\/wp\/v2\/pages\/303\/revisions\/512"}],"up":[{"embeddable":true,"href":"https:\/\/eetasoft.ee\/eeva\/wp-json\/wp\/v2\/pages\/248"}],"wp:attachment":[{"href":"https:\/\/eetasoft.ee\/eeva\/wp-json\/wp\/v2\/media?parent=303"}],"curies":[{"name":"wp","href":"https:\/\/api.w.org\/{rel}","templated":true}]}}