{"id":16,"date":"2013-04-04T19:10:40","date_gmt":"2013-04-04T19:10:40","guid":{"rendered":"http:\/\/eetasoft.ee\/eeva\/?page_id=16"},"modified":"2026-01-26T11:25:10","modified_gmt":"2026-01-26T09:25:10","slug":"hinnakiri","status":"publish","type":"page","link":"https:\/\/eetasoft.ee\/eeva\/hinnakiri\/","title":{"rendered":"Hinnakiri"},"content":{"rendered":"\n<div class=\"wp-block-group\"><div class=\"wp-block-group__inner-container is-layout-constrained wp-block-group-is-layout-constrained\">\n<div class=\"wp-block-columns is-layout-flex wp-container-core-columns-is-layout-9d6595d7 wp-block-columns-is-layout-flex\">\n<div class=\"wp-block-column is-layout-flow wp-block-column-is-layout-flow\" style=\"flex-basis:100%\">\n<figure class=\"wp-block-table\"><table><tbody><tr><td><strong>Programmi \u201cEeva\u201d osa<\/strong><\/td><td><strong>Hind k\u00e4ibemaksuta, EUR<\/strong><\/td><\/tr><tr><td><strong>Pearaamat:<\/strong> p\u00e4evaraamat, pearaamat, k\u00e4ibeandmikud, kassa, panga, avansiraamat, bilanss, kasumiaruanne, k\u00e4ibedeklaratsioon, liitlausendid, rahavoo, finantsn\u00e4itajate aruanded. Graafiline anal\u00fc\u00fcs.<\/td><td>390<\/td><\/tr><tr><td><strong>Dokumendid:<\/strong> m\u00fc\u00fcgi- ja ostuarved, kreeditarved, ettemaksuarved, kassaorderid, maksekorraldused, avansiaruanded, lepingud, muud&nbsp;dokumendid. M\u00fc\u00fcgi- ja ostu reskontro. Laekumisennustus.<\/td><td>390<\/td><\/tr><tr><td><strong>Ladu:<\/strong> Saateleht, vastuv\u00f5tuakt, sisek\u00e4ive, kuluks kandmine, pakkumine,&nbsp;tellimus, ostutellimus. K\u00e4ibeandmikud, seisu aruanded, kartoteegid.&nbsp;Anal\u00fc\u00fcs, enim ostnud kliendid, enim m\u00fc\u00fcdud kaubad jm. pingeread.<\/td><td>390<\/td><\/tr><tr><td><strong>Palk, personal, t\u00f6\u00f6aeg:<\/strong> palga koondtabelid, palgalehed, palgalipikud,<br>palgakaardid, isiku tulu- ja sotsmaksu \u00f5iend vorm TSM, maksudeklaratsioon<br>TSD. Maksekorralduste moodustamine dokumentide alams\u00fcsteemile. Palga<br>kandmine panka. Puhkusp\u00e4evade arvestus. Isikukaart. T\u00f6\u00f6aja tabel.<\/td><td>390<\/td><\/tr><tr><td><strong>Kliendihaldus<\/strong>: Kontaktisikute tabel, e-mailide saatmine.&nbsp;Kirjade elektrooniline haldamine.<\/td><td>390<\/td><\/tr><tr><td><strong>Eeva arvekeskus: <\/strong>PDF ostuarvete vastuv\u00f5tt. PDF failide lisamine ostuarvetele. Kinnitusringid, kinnituse meeldetuletused<\/td><td>2860<\/td><\/tr><tr><td><strong>P\u00f5hivara.<\/strong> Kulum, sisek\u00e4ive, liikumine, inventuur,&nbsp;kaart, nimekirjad.<\/td><td>390<\/td><\/tr><tr><td><strong>Eeva pilveserver. T\u00f6\u00f6 l\u00e4bi interneti ilma lisatarkvarata.<\/strong><\/td><td>490<\/td><\/tr><tr><td><strong>Kassas\u00fcsteem. <\/strong>Kiire m\u00fc\u00fck ja otsing.&nbsp;T\u0161ekiprinteri, ribakoodi lugeja, kliendin\u00e4idiku, kassasahtli&nbsp;juhtimine. Paljude m\u00fc\u00fcjate ja laudade v\u00f5imalus. Tellimuse ja ettemaksu&nbsp;v\u00f5imalused. Igale m\u00fc\u00fcgikohale.<\/td><td>390<\/td><\/tr><tr><td><strong>Eeva kaarditerminal.<\/strong>&nbsp; Maksekaartide vastuv\u00f5tt. Lisaks riistvara Eetasoftilt, ilma pangalt rentimata.<\/td><td>490<\/td><\/tr><tr><td><strong>T\u00f6\u00f6 l\u00e4bi interneti veebilehitsejaga.&nbsp;<\/strong>T\u00f6\u00f6 programmiga l\u00e4bi&nbsp;brauseri, ka tahvlist ja mobiilist. Vajadusel juurdep\u00e4\u00e4s ostjatele oma tellimustele jm. infole<\/td><td>390<\/td><\/tr><tr><td><strong>E-pood.&nbsp;<\/strong>Pildid, tootepuu, laoseis, hinnad, tooted otse Eeva andmebaasist veebis. Tellimused veebist otse Eevasse. 4<\/td><td>390<\/td><\/tr><tr><td><strong>Panga\u00fchenduse lisamoodul dokumentide s\u00fcsteemile.<\/strong> Maksekorralduste edastamine panka, laekumiste lugemine ja sidumine arvetega.<\/td><td>390<\/td><\/tr><tr><td><strong>Tootmise lisamoodul lao alams\u00fcsteemile.<\/strong> Kalkulatsioon, komplektid. Materjali vajadus. Toote\u00fchiku omahinna arvutus, kaudkulude jaotamine.<\/td><td>390<\/td><\/tr><tr><td><strong>\u00dc\u00fcriarvestuse lisa dokumentide osale.<\/strong> Individuaal- ja grupim\u00f5\u00f5tjate n\u00e4itude registreerimine, jaotamine pindala, elanike arvu, n\u00e4itude j\u00e4rgi. Arvete moodustamine.<\/td><td>390<\/td><\/tr><tr><td><strong>E-arvete moodul<\/strong>. Eesti E-arvete saatmine ja vastuv\u00f5tt. Liitumine Eesti e-arvete \u00fchtse s\u00fcsteemiga.<\/td><td>840<\/td><\/tr><tr><td><strong>Lisat\u00f6\u00f6koht.<\/strong><\/td><td>390<\/td><\/tr><tr><td><strong>Lisafirma<\/strong>. T\u00e4iendav ettev\u00f5te samas arvutis (raamatupidamisb\u00fcroodele)<\/td><td>390<\/td><\/tr><tr><td><strong>Kaugtugi, kasutamise \u00f5igus. Igap\u00e4evane tugi.<\/strong> Programmi kasutamisel tekkivate k\u00fcsimuste lahendamine, konsultatsioonid e-posti ja telefoni teel.<\/td><td><strong>50% \u00fclaltoodud osadest aastas, min. 169 EUR <\/strong>kuus<\/td><\/tr><tr><td><strong>Arendustasu (saadaval koos programmi v\u00f5i uuenduse ostuga).<\/strong> Tagab seadusemuutustest jm. tulenevate programmi uute versioonide kasutamis\u00f5iguse.<\/td><td><strong>50% \u00fclaltoodud osadest aastas, min 99 eur kuus<\/strong><\/td><\/tr><tr><td><\/td><td><\/td><\/tr><\/tbody><\/table><\/figure>\n<\/div>\n<\/div>\n<\/div><\/div>\n\n\n<h3>Soovid osta? &#8211; Saada ostutellimus<\/h3>\n<p align=\"center\"><a href=\"mailto:info@eetasoft.ee\"><span style=\"font-family: Arial; font-size: small;\"><button>Telli kohe!<\/button><\/span><\/a><\/p>\n\n","protected":false},"excerpt":{"rendered":"<p>Programmi \u201cEeva\u201d osa Hind k\u00e4ibemaksuta, EUR Pearaamat: p\u00e4evaraamat, pearaamat, k\u00e4ibeandmikud, kassa, panga, avansiraamat, bilanss, kasumiaruanne, k\u00e4ibedeklaratsioon, liitlausendid, rahavoo, finantsn\u00e4itajate aruanded. Graafiline anal\u00fc\u00fcs. 390 Dokumendid: m\u00fc\u00fcgi- ja ostuarved, kreeditarved, ettemaksuarved, kassaorderid, maksekorraldused, avansiaruanded, lepingud, muud&nbsp;dokumendid. M\u00fc\u00fcgi- ja ostu reskontro. Laekumisennustus. 390 Ladu: Saateleht, vastuv\u00f5tuakt, sisek\u00e4ive, kuluks kandmine, pakkumine,&nbsp;tellimus, ostutellimus. K\u00e4ibeandmikud, seisu &#8230;<\/p>\n","protected":false},"author":1,"featured_media":0,"parent":0,"menu_order":0,"comment_status":"closed","ping_status":"open","template":"","meta":{"footnotes":""},"class_list":["post-16","page","type-page","status-publish","hentry","column","threecol"],"_links":{"self":[{"href":"https:\/\/eetasoft.ee\/eeva\/wp-json\/wp\/v2\/pages\/16","targetHints":{"allow":["GET"]}}],"collection":[{"href":"https:\/\/eetasoft.ee\/eeva\/wp-json\/wp\/v2\/pages"}],"about":[{"href":"https:\/\/eetasoft.ee\/eeva\/wp-json\/wp\/v2\/types\/page"}],"author":[{"embeddable":true,"href":"https:\/\/eetasoft.ee\/eeva\/wp-json\/wp\/v2\/users\/1"}],"replies":[{"embeddable":true,"href":"https:\/\/eetasoft.ee\/eeva\/wp-json\/wp\/v2\/comments?post=16"}],"version-history":[{"count":54,"href":"https:\/\/eetasoft.ee\/eeva\/wp-json\/wp\/v2\/pages\/16\/revisions"}],"predecessor-version":[{"id":802,"href":"https:\/\/eetasoft.ee\/eeva\/wp-json\/wp\/v2\/pages\/16\/revisions\/802"}],"wp:attachment":[{"href":"https:\/\/eetasoft.ee\/eeva\/wp-json\/wp\/v2\/media?parent=16"}],"curies":[{"name":"wp","href":"https:\/\/api.w.org\/{rel}","templated":true}]}}